{"id":276,"date":"2024-07-09T18:55:24","date_gmt":"2024-07-09T18:55:24","guid":{"rendered":"https:\/\/ligateneriferun.es\/?page_id=276"},"modified":"2024-12-19T08:28:21","modified_gmt":"2024-12-19T08:28:21","slug":"carreras-julio","status":"publish","type":"page","link":"https:\/\/ligateneriferun.es\/?page_id=276","title":{"rendered":"Carreras Julio"},"content":{"rendered":"\n<p>XII HOSPITEN 8KM OROTAVA 2024<\/p>\n\n\n\n<p> S\u00e1bado 20 de Julio -&gt; <a href=\"https:\/\/inscripciones.chronotrackcanarias.com\/inscripcion\/xii-hospiten-8km-orotava-2024\/\">Inscripci\u00f3n<\/a> <\/p>\n\n\n\n<p>X Carrera Popular Nta Sra de la Esperanza 2024<\/p>\n\n\n\n<p>S\u00e1bado 20 de Julio -> <a href=\"https:\/\/inscripciones.conchipcanarias.com\/inscripcion\/x-5km-carrera-popular-ntra-sra-de-la-esperanza-2024\/\">Inscripci\u00f3n<\/a> <\/p>\n","protected":false},"excerpt":{"rendered":"<p>XII HOSPITEN 8KM OROTAVA 2024 S\u00e1bado 20 de Julio -&gt; Inscripci\u00f3n X Carrera Popular Nta Sra de la Esperanza 2024 S\u00e1bado 20 de Julio -> Inscripci\u00f3n<\/p>\n","protected":false},"author":1,"featured_media":0,"parent":470,"menu_order":0,"comment_status":"closed","ping_status":"closed","template":"","meta":{"footnotes":""},"class_list":["post-276","page","type-page","status-publish","hentry"],"_links":{"self":[{"href":"https:\/\/ligateneriferun.es\/index.php?rest_route=\/wp\/v2\/pages\/276","targetHints":{"allow":["GET"]}}],"collection":[{"href":"https:\/\/ligateneriferun.es\/index.php?rest_route=\/wp\/v2\/pages"}],"about":[{"href":"https:\/\/ligateneriferun.es\/index.php?rest_route=\/wp\/v2\/types\/page"}],"author":[{"embeddable":true,"href":"https:\/\/ligateneriferun.es\/index.php?rest_route=\/wp\/v2\/users\/1"}],"replies":[{"embeddable":true,"href":"https:\/\/ligateneriferun.es\/index.php?rest_route=%2Fwp%2Fv2%2Fcomments&post=276"}],"version-history":[{"count":4,"href":"https:\/\/ligateneriferun.es\/index.php?rest_route=\/wp\/v2\/pages\/276\/revisions"}],"predecessor-version":[{"id":284,"href":"https:\/\/ligateneriferun.es\/index.php?rest_route=\/wp\/v2\/pages\/276\/revisions\/284"}],"up":[{"embeddable":true,"href":"https:\/\/ligateneriferun.es\/index.php?rest_route=\/wp\/v2\/pages\/470"}],"wp:attachment":[{"href":"https:\/\/ligateneriferun.es\/index.php?rest_route=%2Fwp%2Fv2%2Fmedia&parent=276"}],"curies":[{"name":"wp","href":"https:\/\/api.w.org\/{rel}","templated":true}]}}